z + 10*z - 10*z - 3*z - 2. Give v(2).
-14
Let a be ((-18)/(-21))/((-19)/(-133)). Let l(y) = 0 + 6 - 2*y + y. Give l(a).
0
Let w(o) = o - 2. Let z be ((-4)/6)/(14/84). Let q be (2/z*-4)/1. Give w(q).
0
Let f(c) = 15*c**2 + 27*c + 12. Let p = -64 - -51. Let i(n) = 7*n**2 + 13*n + 6. Let r(y) = p*i(y) + 6*f(y). Calculate r(-6).
0
Let h(k) = -k - 1. Let f(l) = -75*l + 41*l + 42*l + 4. Let g(x) = f(x) + 3*h(x). Give g(-2).
-9
Let v(g) = -5*g - 6. Let h be ((-3)/(-6))/((-14)/(-168)). Calculate v(h).
-36
Suppose 4*o + 16 = -d - 12, -2*d = 2*o + 20. Let b(q) = -q - 8. Let i be b(-10). Let u(t) = -3 - 1 + 3 - 3 - i*t. Determine u(o).
8
Let u = 62 + -59. Suppose 0 = u*d - 0*y + 4*y + 15, 2*d = 2*y - 10. Let x(p) = -p**3 - 3*p**2 + 6*p + 1. Calculate x(d).
21
Let s(i) = i**3 + 4*i**2 - 2*i + 7. Suppose -10*a - 44 - 6 = 0. Give s(a).
-8
Let r be -8 + 3 + 5 + -1. Let x(h) = -9*h**3 - h - 1. Give x(r).
9
Let u(i) = -i**2 + i + 1. Let y(d) = d**2. Let f = -17 - -18. Let z(p) = f*u(p) - y(p). Let c = 4 - 6. Determine z(c).
-9
Let j(x) = x**3 - 18*x**2 - 5. Let a(t) = -t**3 - 9*t**2 - 21*t + 9. Let z be a(-3). Determine j(z).
-5
Let f(k) = -4*k. Let o(q) = -q**3 - 6*q**2 - q - 8. Let w = -44 + 79. Suppose -w + 11 = 4*s. Let x be o(s). What is f(x)?
8
Let m(t) = 2*t + 2*t**3 - 4*t + t**2 + 2*t**2 - t**3. Suppose -24 = -5*p - 3*a, -2*p - 2*p + 21 = 3*a. Suppose 0 = -p*y - 4 - 2. Give m(y).
8
Let t be (1 + -1 - 1)*2. Let u(z) = -5*z + 2*z**3 + 97 + 96 - 196 + 2*z**2 + 3*z. Determine u(t).
-7
Let f(i) = 239*i**2 - 120*i**2 + 1 - 121*i**2 - 7*i. Give f(-6).
-29
Let l(v) = 8*v - 1 - 3 + 2 + 3. Let u(x) = -x**3 + 7*x**2 + 3*x - 24. Let o be u(7). Let c be 1*-1*((o - 4) + 6). Calculate l(c).
9
Let p(q) be the second derivative of -q**5/20 + q**4/6 + 2*q**3/3 + q**2/2 - q. Suppose -15 = 3*l, -2*l - 3*l = 3*v + 37. Let d be v/1*(-10)/10. Calculate p(d).
-15
Let r(i) = -i + 2. Let k(s) = -1. Let d(v) = -4*k(v) + r(v). Let y = -1 + 2. Let b be y/8 + 4/(-32). Give d(b).
6
Let b(d) be the second derivative of -d**3/3 + 6*d**2 + 182*d. Determine b(4).
4
Let w(x) = 0*x**2 + 6*x - 4 + 5*x**2 + x**3 - 10*x - 2*x**2. Suppose 3*r + 21 = -z + 4*z, 4*r + 3*z = 0. Calculate w(r).
8
Let a(f) = f + 12. Suppose -t + 4 = -3*c, -29*c - 12 = -t - 24*c. Calculate a(t).
4
Let z = -30 + 31. Let p(g) = 0*g - g + 2 + 10*g**2 - 19*g**2 - z. Let c be (-6)/4*(-4)/6. Determine p(c).
-9
Let w(h) be the second derivative of h**5/20 - 5*h**4/12 + 5*h**3/6 + 3*h**2/2 + 568*h. Determine w(4).
7
Let x(y) = -2*y**3 + 45*y**2 + 64*y + 53. Let g(a) = -3*a**3 + 69*a**2 + 96*a + 79. Let c(d) = -5*g(d) + 8*x(d). Calculate c(17).
-5
Let r be (5047/336 - 15)*(-8)/(-10). Let b(k) be the third derivative of r*k**5 + 0*k + 3/8*k**4 + 0 - 1/6*k**3 + 13*k**2. Determine b(-8).
-9
Let j = 2 + -1. Let x(o) = 24*o**2 + 11*o - 16. Let s(r) = 10*r**2 + 4*r - 6. Let d(y) = -8*s(y) + 3*x(y). What is d(j)?
-7
Let x(w) be the second derivative of -2*w + 0*w**3 - 1 - 1/2*w**2 + 13/12*w**4. Determine x(-1).
12
Let r(q) = -3*q + 38. Let c(a) = a - 13. Let k(v) = 17*c(v) + 6*r(v). Suppose 4*m + 4*i = 5*m, 4*m + 5*i + 42 = 0. Let l = m + 14. What is k(l)?
1
Let f(h) = -3 + 6 + h**3 + 5*h + 6*h**2 - 4 - 3. Suppose 20 = -23*o + 19*o. What is f(o)?
-4
Let h(k) = 0*k + 1 + 4 - k. Let j be 112/(-20) + (-2)/5. Let v be (0 - 0)*j/(-12). Calculate h(v).
5
Let n(p) be the first derivative of p**2/2 - 8*p + 1. Let w be 0 + 1 - (-7 - -6). Suppose -l = 2*k + w*l - 24, k + l - 10 = 0. Determine n(k).
-2
Suppose 4*w + 10 = 3*w. Let d be 6/(5/w*2). Let q(s) = -2*s. What is q(d)?
12
Let g(o) = -9*o**3 + 2*o**2 + o. Suppose c + 1 = 6*c - 3*h, -4*c + 3*h + 2 = 0. Give g(c).
10
Let n(u) = u**2 + 4*u - 1. Let l(t) = -t**2 - 2*t + 1. Let c(z) = 2*l(z) + n(z). What is c(-4)?
-15
Suppose 32 = -7*p - 52. Let r(t) = -t**2 - 13*t - 16. What is r(p)?
-4
Suppose -34*a + 31*a = 4*s + 11, 0 = -5*s + 5. Let w(g) = -2*g**2 + 3*g + 1. Determine w(a).
-64
Suppose 0 = -2*l + 3*l - 8. Suppose -3*c = -5*c + l. Let k(i) = -2*i**2 + 7 + i**2 + c*i + 5*i - 4*i. Give k(5).
7
Let n(f) = -f + 6. Let u be n(3). Let h(w) = -4 + u*w**3 + 14*w**2 - 7*w**2 - 4*w**3 + 0*w**3. What is h(7)?
-4
Let u = -8 + 12. Suppose -z - u = 4*n, z - 2 = 2. Let c(y) = -4*y - 2. What is c(n)?
6
Let u(f) = f**3 - 14*f**2 + f - 14. Let s(r) = -r**2 - 24*r - 130. Let t be s(-12). Calculate u(t).
0
Let z(a) = -16*a**2 + 1. Let j = -91 - -90. Calculate z(j).
-15
Let a = 1588 + -1590. Let c(n) = 3*n**3 + 3*n**2 + 4*n + 8. What is c(a)?
-12
Let y(r) = -2*r**2 + 20*r + 6. Let l(o) = o**2 - 15*o + 61. Let b be l(10). Determine y(b).
-16
Let p(w) = 4 + 13 + 4*w - w**2 + 2 - 9. Calculate p(6).
-2
Suppose -3 - 5 = -4*v. Let a(y) = -5 + 4 + y - y**v + 2*y**2 + 4*y. Determine a(-4).
-5
Suppose -7*u + 5 + 23 = 0. Let p(s) = -20*s + u*s - s - 1 + 0. Calculate p(-1).
16
Let s(t) = -5*t - 10. Let k(g) = 2*g + 5. Let y(h) = 9*k(h) + 4*s(h). Let j be (-15)/10*8/6. Let m(n) = -4*n + 10. Let u(d) = j*m(d) + 5*y(d). Determine u(6).
-7
Let q(z) = 11*z + 13 - 2*z**2 + z**2 + 2*z**2 - 2*z. Let m be q(-6). Let d(p) = 2*p + 6. What is d(m)?
-4
Let p(z) = -32*z + 12*z - 43 + 14*z. Give p(-8).
5
Let y(w) be the second derivative of w**4/12 - 19*w**3/6 - 18*w**2 + 23*w. Let r be y(21). Let c(l) = 2*l + 5. What is c(r)?
17
Let k be (-40)/(-35) + (-182)/(-98). Let z(u) be the first derivative of u**2 + u + 2. What is z(k)?
7
Let t = -104 - -109. Let x(p) = -t*p - 3*p + 1 + 11*p. Calculate x(5).
16
Let o(m) = -m**2 + m + 15. Let r(j) = j**2 - j - 16. Let n be 184/28 + (-4)/7. Let h(z) = n*r(z) + 7*o(z). Determine h(0).
9
Let o(n) be the second derivative of -n**4/12 + 5*n**3/6 + 2*n - 122. Determine o(4).
4
Let s(b) = -b**2 + 3*b + 3. Suppose d - 3*a - 4 = 0, -4*a + 16 = 4*d - 0*a. What is s(d)?
-1
Let y = 157 + -154. Let i(w) = -w**2 - 2*w. Calculate i(y).
-15
Let f(w) be the second derivative of w**4/12 + 17*w**3/6 - 55*w**2/2 + w - 10. What is f(-20)?
5
Suppose 0*q + 112 = -4*q. Let r = q + 30. Let z(n) = 1 - 3*n + r*n + 0. Determine z(-6).
7
Let k(n) = n**2 + 8*n + 6. Let q be k(-7). Let c = 5 + q. Suppose -1 = -c*w - 9. Let z(i) = 4*i + 2. Give z(w).
-6
Let q = 89 + -85. Let c(j) = j**2 - 4*j - 1. What is c(q)?
-1
Let n(g) = 6*g**3 - 1. Let p(l) = -2*l**3 + l**2 + l. Let d be p(-1). Let t be 0 - (1 - 4) - d. Determine n(t).
5
Suppose -8*x = -6*x - 16. Let k(q) = -q + 3*q - x - 11*q + 8*q. What is k(-8)?
0
Let v(d) = -1 + 4*d**2 - 8*d**2 + 359*d**3 + 3*d - 358*d**3. What is v(4)?
11
Let w(v) = v**2 + 7*v - 7. Suppose 0 = -2*j - 4*o + 20, 5*j - o - 75 = -3. Let y = j - 22. Determine w(y).
1
Let l(k) = -k**2 + 5*k + 0*k**2 - 13*k + 5. Let t be l(-10). Let f = 17 + t. Let h(o) = -o**2 - 2. Give h(f).
-6
Let w(a) = -a**3 - 13*a**2 - 20*a + 24. Let z be w(-11). Let q(r) = 0 + 3 + 6 + 4*r - r**z - 13. Determine q(4).
-4
Let w(u) = 7*u**3 + 34*u**2 + 17*u - 44. Let g(j) = -4*j**3 - 18*j**2 - 8*j + 24. Let q(c) = -5*g(c) - 3*w(c). Calculate q(-11).
12
Let m(b) = b**2 + 13*b + 21. Let p be -13 - (6 - 16 - -8). What is m(p)?
-1
Let d(l) be the second derivative of 12*l - 1/12*l**4 + 0 + 2/3*l**3 + l**2. Calculate d(4).
2
Suppose 0 = 3*f + f - 12. Suppose 0 = f*p - 6, -20 - 7 = 5*b - p. Let d(v) = v**2 + 4*v - 2. Calculate d(b).
3
Suppose 3*q - 2*f = 2 + 5, 3*f = -6. Let h be q - (-3 + -1 + 44). Let n be h/65 + (-3)/(-5). Let s(y) = y + 8. Give s(n).
8
Let n(u) be the second derivative of u**4/12 + u**3/2 - u**2 - 82*u. Determine n(-4).
2
Let g be (-45)/18*(-12)/(-10) + 0. Let p(f) = 3*f - 9. Let d(v) = -v + 3. Let m(n) = -8*d(n) - 3*p(n). What is m(g)?
6
Let p(y) = -5*y**2 - 5*y**2 - 3 + 2*y**2 + 4. Let g(q) = 4*q - 33. Let a be g(8). Give p(a).
-7
Suppose -2*v + 5*t - 4 = -55, -4*v = 4*t - 32. Let g(o) = -v*o - 6*o - 16*o + 34*o. Calculate g(-3).
3
Let j(w) be the second derivative of -5/2*w**2 - 17*w - 1/6*w**3 + 0. Give j(-7).
2
Let s(d) be the first derivative of -d**4/4 + 2*d**3 - d**2/2 + 10*d - 4. Let v be s(6). Let x be 3 + -4*(-3)/v. Let h(k) = k**2 - 4*k - 5. What is h(x)?
7
Suppose -5*v = -2*v - 9. Suppose 2*i = -v*i + 15. Let l(h) = -i*h + 6*h - 6 - 2*h. Determine l(6).
0
Let s(m) = -m**2 - 7*m - 3. Let a(i) = -i**2 - 6*i - 2. Let l(t) = -6*a(t) + 5*s(t). Let p = -7 - -3. Give l(p).
9
Let p(l) be the third derivative 